ase 4) in base 6?
-2510
What is 23142 (base 6) in base 13?
1670
What is -107237 (base 8) in base 9?
-55067
Convert 1110001010000 (base 2) to base 10.
7248
-1001011000110000 (base 2) to base 15
-b5d3
20106 (base 8) to base 12
4946
What is -1058 (base 10) in base 7?
-3041
Convert 8666 (base 9) to base 8.
14352
3b02 (base 12) to base 7
25511
What is -4134 (base 13) in base 7?
-35145
What is 121 (base 4) in base 5?
100
What is -179c1 (base 13) in base 3?
-2022120120
18b1 (base 14) to base 11
33a1
Convert -1150 (base 8) to base 16.
-268
Convert -11101010110 (base 2) to base 3.
-2120120
What is 2111111101 (base 3) in base 11?
33a71
-33322 (base 4) to base 12
-70a
What is -100123 (base 4) in base 8?
-2033
Convert 800 (base 14) to base 7.
4400
What is -30054 (base 11) in base 13?
-17033
Convert -b75 (base 16) to base 10.
-2933
What is 2143 (base 11) in base 9?
3784
Convert 169 (base 13) to base 10.
256
What is -21314 (base 5) in base 6?
-10431
Convert -707 (base 8) to base 12.
-31b
209 (base 14) to base 12
295
16012 (base 7) to base 13
2059
What is -1113230 (base 4) in base 16?
-15ec
Convert -216215 (base 8) to base 4.
-101302031
1403 (base 8) to base 6
3323
Convert 122 (base 12) to base 14.
c2
546a (base 12) to base 16
2452
What is 505 (base 8) in base 11?
276
What is 3116 (base 7) in base 14?
57d
31322 (base 10) to base 8
75132
Convert -10111101110100 (base 2) to base 8.
-27564
110101100110 (base 2) to base 9
4631
21244 (base 5) to base 7
4140
Convert -3a43 (base 11) to base 6.
-40150
Convert -43 (base 15) to base 2.
-111111
Convert 130d (base 14) to base 15.
ed0
What is 1528 (base 15) in base 16?
11ba
4849 (base 13) to base 10
10201
Convert 32212 (base 5) to base 9.
2884
-211120 (base 3) to base 13
-37b
1001101110 (base 2) to base 10
622
35020 (base 7) to base 6
105204
1011222 (base 3) to base 13
515
Convert 22201 (base 4) to base 16.
2a1
Convert 4333 (base 6) to base 5.
12433
Convert 10001100100 (base 2) to base 13.
686
Convert -12233 (base 5) to base 12.
-667
421 (base 8) to base 11
229
Convert 3455 (base 7) to base 6.
5505
-365 (base 10) to base 9
-445
-3233 (base 4) to base 13
-155
Convert 4348 (base 15) to base 11.
a779
What is -2313 (base 6) in base 14?
-2b3
3521 (base 7) to base 13
782
What is -2311313 (base 4) in base 7?
-45635
What is 1337 (base 8) in base 16?
2df
Convert -46898 (base 10) to base 9.
-71288
Convert 634 (base 13) to base 9.
1404
49663 (base 11) to base 16
116aa
Convert -142601 (base 8) to base 12.
-25315
30330001 (base 4) to base 13
1b175
Convert -1341 (base 5) to base 8.
-335
Convert -101000111 (base 2) to base 13.
-1c2
3354 (base 6) to base 4
30112
What is -299 (base 11) in base 3?
-110222
What is 1020302 (base 4) in base 15?
15a8
Convert 51637 (base 8) to base 12.
1047b
1021000 (base 3) to base 16
396
What is -33bb (base 13) in base 2?
-1110001010100
-13013 (base 5) to base 13
-5c7
What is -49 (base 16) in base 5?
-243
What is -6595 (base 10) in base 3?
-100001021
-14035 (base 6) to base 4
-202013
Convert 323211 (base 4) to base 3.
12020020
Convert -1486 (base 9) to base 12.
-7a3
-130043 (base 5) to base 3
-20220001
What is 10b6d (base 15) in base 2?
1100111111010011
26162 (base 11) to base 7
214130
-1101011010011 (base 2) to base 6
-51443
30202 (base 4) to base 3
1002201
What is 13415 (base 6) in base 2?
100000110011
Convert -60bb (base 14) to base 5.
-1013004
What is 344 (base 16) in base 11?
6a0
Convert -11100 (base 4) to base 8.
-520
Convert 5553 (base 6) to base 8.
2415
-21010111 (base 3) to base 14
-1c73
Convert 1203 (base 6) to base 10.
291
-260 (base 9) to base 10
-216
-772 (base 11) to base 14
-4a2
-4650 (base 11) to base 5
-143410
-10352 (base 8) to base 11
-3287
What is 184 (base 15) in base 12?
251
210111 (base 3) to base 9
714
Convert 110111000 (base 2) to base 4.
12320
What is -1135 (base 12) in base 3?
-2121212
Convert 10f9 (base 16) to base 3.
12221221
What is 213021 (base 4) in base 9?
3383
What is -10100010001 (base 2) in base 7?
-3532
Convert a8 (base 11) to base 6.
314
What is 211 (base 11) in base 16?
fe
What is 8aa (base 11) in base 2?
10001000000
Convert -1e9 (base 16) to base 10.
-489
-7741 (base 10) to base 11
-58a8
-100 (base 11) to base 10
-121
What is 10159 (base 12) in base 4?
11013111
What is -9aa2 (base 15) in base 8?
-100011
What is -510 (base 9) in base 13?
-25b
What is 4d9 (base 15) in base 7?
3135
-a69 (base 12) to base 15
-6b6
Convert 220222 (base 3) to base 11.
563
What is 208 (base 13) in base 15?
181
5382 (base 10) to base 11
4053
259 (base 11) to base 7
615
What is 8 (base 14) in base 7?
11
What is 2001212 (base 3) in base 10?
1508
Convert -165 (base 15) to base 7.
-635
What is -506 (base 13) in base 10?
-851
What is -36 (base 13) in base 14?
-33
What is -3341 (base 10) in base 8?
-6415
572 (base 9) to base 4
13112
100010011101 (base 2) to base 12
1339
What is -299 (base 10) in base 4?
-10223
What is -121212 (base 3) in base 12?
-31b
What is 1201211110 (base 3) in base 7?
201351
-27412 (base 10) to base 15
-81c7
220100211 (base 3) to base 6
214121
What is 42124 (base 5) in base 4?
223211
Convert -31110 (base 5) to base 7.
-5630
-1101021222 (base 3) to base 14
-9ca0
What is -22110102 (base 3) in base 10?
-6167
What is 22011 (base 3) in base 8?
334
555335 (base 6) to base 4
23113223
What is b2 (base 13) in base 11?
122
What is 5b3 (base 16) in base 13?
883
Convert 101100101 (base 2) to base 12.
259
What is 782 (base 9) in base 14?
33b
Convert -2202 (base 4) to base 7.
-321
-14bd (base 15) to base 5
-120303
5300 (base 9) to base 7
14223
What is -1844 (base 10) in base 12?
-1098
Convert 45141 (base 6) to base 3.
22200021
-1101001011110111 (base 2) to base 5
-3212012
What is -1002 (base 4) in base 13?
-51
Convert -1233 (base 7) to base 5.
-3330
Convert 6d4 (base 14) to base 2.
10101010010
What is 3599 (base 11) in base 13?
21b0
What is -25560 (base 9) in base 7?
-101136
Convert a10 (base 12) to base 7.
4143
Convert -10035 (base 6) to base 11.
-a9a
What is -13128 (base 12) in base 8?
-62760
What is 33312 (base 4) in base 12?
706
Convert 2012 (base 4) to base 8.
206
Convert -338 (base 16) to base 15.
-39e
What is 5113 (base 12) in base 13?
400b
Convert -1914 (base 13) to base 2.
-111010010111
Convert 2313003 (base 4) to base 15.
3710
Convert 2b1 (base 13) to base 15.
222
3716 (base 10) to base 6
25112
Convert -200100222 (base 3) to base 2.
-11010001001111
What is -17404 (base 8) in base 10?
-7940
1688 (base 12) to base 13
12c5
Convert a85 (base 11) to base 14.
691
Convert 1011 (base 8) to base 12.
375
-103000 (base 4) to base 10
-1216
674 (base 11) to base 9
1086
-5d1 (base 14) to base 9
-1532
4023 (base 6) to base 12
613
-21113122 (base 4) to base 15
-b577
-104a7 (base 15) to base 4
-30213202
-111000110 (base 2) to base 10
-454
-1829 (base 11) to base 14
-bc6
What is -638 (base 15) in base 7?
-4043
63269 (base 10) to base 15
13b2e
1101110001001 (base 2) to base 10
7049
97 (base 12) to base 10
115
Convert -297 (base 11) to base 3.
-110220
Convert -414e (base 15) to base 7.
-55142
Convert -22896 (base 10) to base 12.
-11300
-100220 (base 4) to base 12
-748
Convert -1066 (base 12) to base 13.
-a8c
5651 (base 8) to base 5
43420
54213 (base 7) to base 8
32255
1307 (base 9) to base 8
1723
Convert 215 (base 13) to base 15.
18b
What is -7b6 (base 16) in base 14?
-a10
143121 (base 5) to base 12
35b0
What is 12042 (base 5) in base 8?
1601
-3313020 (base 4) to base 14
-5a9a
What is -844 (base 12) in base 7?
-3340
What is 2031113 (base 4) in base 9?
13362
What is -6879 (base 16) in base 7?
-140655
b83f (base 16) to base 7
254341
What is 1221 (base 6) in base 3?
102011
What is -d63 (base 14) in base 4?
-221023
Convert -11010011101 (base 2) to base 15.
-77d
Convert -13022 (base 4) to base 2.
-111001010
30 (base 8) to base 15
19
Convert 12052 (base 6) to base 5.
24020
What is 1100110111 (base 3) in base 14?
9989
What is 1327 (base 9) in base 16?
3e5
What is -531 (base 9) in base 13?
-274
What is -33121 (base 5) in base 12?
-13a6
1a64 (base 12) to base 13
1627
Convert 5321 (base 15) to base 12.
a211
-135 (base 14) to base 9
-300
Convert 7676 (base 11) to base 8.
23616
Convert -631 (base 13) to base 2.
-10000011110
Convert 4e18 (base 15) to base 13.
7787
Convert -666 (base 8) to base 9.
-536
What is 